is the ten thousands digit of 613247?
1
What is the millions digit of 24662129?
4
What is the thousands digit of 1205892?
5
What is the hundreds digit of 50358?
3
What is the millions digit of 2238100?
2
What is the ten thousands digit of 215820?
1
What is the hundred thousands digit of 2685485?
6
What is the thousands digit of 36081?
6
What is the hundred thousands digit of 2201149?
2
What is the hundred thousands digit of 13195693?
1
What is the ten millions digit of 20389189?
2
What is the units digit of 1661716?
6
What is the ten thousands digit of 479759?
7
What is the ten thousands digit of 2504592?
0
What is the hundred thousands digit of 448696?
4
What is the thousands digit of 2362319?
2
What is the units digit of 9435853?
3
What is the hundreds digit of 17305725?
7
What is the hundred thousands digit of 604537?
6
What is the hundred thousands digit of 2114107?
1
What is the ten thousands digit of 1348703?
4
What is the thousands digit of 20678898?
8
What is the hundred thousands digit of 121167?
1
What is the tens digit of 421041?
4
What is the millions digit of 17859400?
7
What is the millions digit of 1421847?
1
What is the thousands digit of 101285?
1
What is the units digit of 739990?
0
What is the ten thousands digit of 242189?
4
What is the tens digit of 152603?
0
What is the hundreds digit of 16564504?
5
What is the ten thousands digit of 728328?
2
What is the hundreds digit of 756603?
6
What is the units digit of 1080237?
7
What is the thousands digit of 162556?
2
What is the hundreds digit of 3950741?
7
What is the millions digit of 6441508?
6
What is the tens digit of 508843?
4
What is the thousands digit of 37874?
7
What is the ten thousands digit of 618981?
1
What is the millions digit of 7650982?
7
What is the hundreds digit of 3570268?
2
What is the thousands digit of 21282582?
2
What is the thousands digit of 2510101?
0
What is the thousands digit of 400529?
0
What is the units digit of 280849?
9
What is the hundred thousands digit of 180335?
1
What is the hundred thousands digit of 5830098?
8
What is the units digit of 557603?
3
What is the tens digit of 15529730?
3
What is the millions digit of 4258195?
4
What is the units digit of 7750470?
0
What is the millions digit of 14645617?
4
What is the hundred thousands digit of 894070?
8
What is the units digit of 10666801?
1
What is the tens digit of 29136895?
9
What is the thousands digit of 257652?
7
What is the hundred thousands digit of 12578672?
5
What is the hundred thousands digit of 301859?
3
What is the units digit of 3556655?
5
What is the hundreds digit of 5366474?
4
What is the millions digit of 3854251?
3
What is the ten thousands digit of 652620?
5
What is the hundred thousands digit of 4936952?
9
What is the hundreds digit of 372169?
1
What is the ten thousands digit of 1757383?
5
What is the thousands digit of 306219?
6
What is the tens digit of 40883933?
3
What is the units digit of 6569606?
6
What is the tens digit of 853192?
9
What is the tens digit of 1606470?
7
What is the hundreds digit of 11807560?
5
What is the tens digit of 1259361?
6
What is the tens digit of 1023453?
5
What is the units digit of 1177428?
8
What is the ten millions digit of 11691908?
1
What is the units digit of 387684?
4
What is the millions digit of 12306041?
2
What is the units digit of 508319?
9
What is the units digit of 5956014?
4
What is the hundreds digit of 572936?
9
What is the thousands digit of 10699020?
9
What is the ten thousands digit of 5326056?
2
What is the ten thousands digit of 409349?
0
What is the tens digit of 6095433?
3
What is the ten thousands digit of 9586444?
8
What is the hundreds digit of 1940836?
8
What is the units digit of 1448595?
5
What is the tens digit of 908124?
2
What is the tens digit of 2099963?
6
What is the units digit of 223419?
9
What is the ten thousands digit of 3289210?
8
What is the units digit of 956300?
0
What is the millions digit of 2038702?
2
What is the hundreds digit of 112092?
0
What is the millions digit of 1667197?
1
What is the units digit of 385754?
4
What is the units digit of 37745678?
8
What is the thousands digit of 517916?
7
What is the ten thousands digit of 981784?
8
What is the tens digit of 13187230?
3
What is the hundreds digit of 9466811?
8
What is the hundreds digit of 430954?
9
What is the hundreds digit of 255478?
4
What is the thousands digit of 12636850?
6
What is the hundreds digit of 179459?
4
What is the hundreds digit of 6752?
7
What is the hundreds digit of 1420095?
0
What is the units digit of 1023435?
5
What is the hundred thousands digit of 15261423?
2
What is the tens digit of 128544?
4
What is the hundred thousands digit of 2060257?
0
What is the thousands digit of 3549477?
9
What is the hundreds digit of 287733?
7
What is the hundreds digit of 1915040?
0
What is the units digit of 498002?
2
What is the ten millions digit of 24146086?
2
What is the thousands digit of 2611011?
1
What is the hundreds digit of 216120?
1
What is the units digit of 2988018?
8
What is the hundreds digit of 19968483?
4
What is the thousands digit of 547595?
7
What is the tens digit of 16179729?
2
What is the millions digit of 19404779?
9
What is the tens digit of 6548250?
5
What is the tens digit of 12315?
1
What is the hundred thousands digit of 1048460?
0
What is the units digit of 281125?
5
What is the hundreds digit of 2674741?
7
What is the hundred thousands digit of 1596775?
5
What is the hundreds digit of 650411?
4
What is the units digit of 1447329?
9
What is the hundreds digit of 4797574?
5
What is the hundred thousands digit of 319158?
3
What is the ten thousands digit of 172408?
7
What is the thousands digit of 1973123?
3
What is the units digit of 24218148?
8
What is the units digit of 6928265?
5
What is the hundreds digit of 2454531?
5
What is the units digit of 847070?
0
What is the tens digit of 1386209?
0
What is the tens digit of 272978?
7
What is the tens digit of 509197?
9
What is the ten thousands digit of 580343?
8
What is the ten thousands digit of 25360?
2
What is the hundred thousands digit of 1163042?
1
What is the ten millions digit of 45101373?
4
What is the units digit of 369581?
1
What is the thousands digit of 1669606?
9
What is the hundreds digit of 1946609?
6
What is the hundred thousands digit of 295599?
2
What is the hundreds digit of 1584131?
1
What is the hundreds digit of 12605960?
9
What is the ten thousands digit of 817487?
1
What is the ten thousands digit of 125687?
2
What is the units digit of 142825?
5
What is the millions digit of 1961301?
1
What is the hundreds digit of 1338870?
8
What is the ten thousands digit of 105360?
0
What is the ten thousands digit of 10199928?
9
What is the tens digit of 48197?
9
What is the tens digit of 14241345?
4
What is the ten thousands digit of 353911?
5
What is the ten millions digit of 10646876?
1
What is the thousands digit of 4523106?
3
What is the hundreds digit of 904385?
3
What is the units digit of 3976012?
2
What is the thousands digit of 74679?
4
What is the tens digit of 194203?
0
What is the hundred thousands digit of 21471772?
4
What is the thousands digit of 1176458?
6
What is the tens digit of 1211702?
0
What is the tens digit of 36492?
9
What is the ten thousands digit of 201998?
0
What is the thousands digit of 165836?
5
What is the ten thousands digit of 7570567?
7
What is the hundreds digit of 2226891?
8
What is the hundred thousands digit of 2067607?
0
What is the hundred thousands digit of 106476?
1
What is the thousands digit of 699185?
9
What is the hundreds digit of 185078?
0
What is the units digit of 323792?
2
What is the tens digit of 712147?
4
What is the millions digit of 15796846?
5
What is the ten millions digit of 28507043?
2
What is the units digit of 63041?
1
What is the ten thousands digit of 748129?
4
What is the hundreds digit of 305951?
9
What is the hundreds digit of 206361?
3
What is the tens digit of 2591947?
4
What is the ten thousands digit of 134324?
3
What is the ten thousands digit of 3287112?
8
What is the hundreds digit of 39754546?
5
What is the tens digit of 6813?
1
What is the ten thousands digit of 4579948?
7
What is the thousands digit of 21455?
1
What is the tens digit of 5382209?
0
